22*y. What is the remainder when y is divided by 12?
11
Let c(m) = 4*m**2 - 3. Calculate the remainder when c(2) is divided by 5.
3
What is the remainder when 13 is divided by 1*(-2 + 7 + -2 + -1)?
1
Let z(j) = -j**3 - 3*j**2 + 2*j - 3. Let o be z(-4). Let a be (-2)/(-4) - (-140)/8. Let m = o + a. What is the remainder when m is divided by 8?
7
Suppose 0*j - j = -13. What is the remainder when 51 is divided by j?
12
Let n = 5 + 5. Let k(r) be the first derivative of -r**4/4 - 8*r**3/3 + 7*r**2/2 - 4. Calculate the remainder when k(-9) is divided by n.
8
Suppose -4*a + 44 = -5*r, -4*r - 32 = -a - 2*a. Calculate the remainder when -4 + 37 + (-6)/2 is divided by a.
14
Let q = -2 + 0. Suppose -90 = -3*d - 2*d. What is the remainder when d is divided by 2 + -8*(1 + q)?
8
Calculate the remainder when (17 + 1)/(3/4) is divided by (-13)/(-2)*22/11.
11
Suppose -34 = -f + d, -5*d + 2*d - 164 = -5*f. Calculate the remainder when 56 is divided by f.
25
Suppose 5*j = -0*j + i - 1, 4*i - 4 = 5*j. Suppose 5*l = -p - 21, -5*p = -j*l + 4*l. What is the remainder when 7 is divided by p?
3
Suppose 4*a + 46 = 3*m, 0 = -m - 2*a - 2*a - 6. Let y = -31 - -13. Calculate the remainder when m is divided by 8/(-3)*y/12.
2
Suppose -n - 33 = -2*n. What is the remainder when n/(-22)*50/(-3) is divided by 14?
11
Let f(i) = -16*i + 3. Let o be 1/(2/8*-2). What is the remainder when f(o) is divided by 12?
11
Let v(g) = g - 3. Suppose -3*c + 3*q + 15 = 0, 2*c - 3 = c - q. What is the remainder when 2 is divided by v(c)?
0
Let v(n) = n**3 - 10*n**2 + 8*n + 13. Let g be v(9). Let w(p) = 5*p**2 - 6*p + 2. Calculate the remainder when w(g) is divided by 20.
18
Let r(l) = -l**3 + l**2 + 6*l + 7. What is the remainder when 74 is divided by r(-3)?
24
Let u = -7 - -10. Suppose 4*y - 4 + 34 = 3*x, u*y + 3 = -x. What is the remainder when 2 - (0 - (9 - 1)) is divided by x?
4
What is the remainder when 17 is divided by 5 + (-1)/(-3 + 2)?
5
Calculate the remainder when -3 + 44 + (-5)/((-5)/(-4)) is divided by 4.
1
Let i(q) = -q**3 + 6*q**2 - 5*q + 2. Suppose 18 = 3*z + 3. Let w be i(z). Suppose 11 = w*b - 1. What is the remainder when b is divided by 2?
0
Suppose -4*o - 103 = -3*x, o + 108 + 25 = 4*x. Calculate the remainder when x is divided by 18.
15
Suppose -a + 3*o + 378 = 0, 0 = -4*a - o + 383 + 1090. Calculate the remainder when a is divided by 31.
28
Let q = -27 - -62. Let i = -5 + 8. Suppose -i*a = -0*a - 54. What is the remainder when q is divided by a?
17
Let a = -12 + 56. Calculate the remainder when a is divided by 15.
14
Let z be 60/15 + 15*5. Suppose -z + 4 = -5*n. What is the remainder when 42 is divided by n?
12
Let o(i) = -3*i - 3. Let w be o(-6). What is the remainder when 201/w + (-4)/10 is divided by -1 - 1/(1/(-6))?
3
Let s = 74 + -45. Let p = s + -14. Calculate the remainder when p is divided by 8.
7
Let u(g) = 30*g**2 - 2*g - 2. Calculate the remainder when u(2) is divided by 29.
27
Let y(q) = 5*q**2 - q + 1. Let c be y(1). Suppose 7*u = 4*u - c*w + 5, -3*w = -3*u + 45. Calculate the remainder when 18 is divided by u.
8
Calculate the remainder when (21/14)/(3/28) is divided by 11.
3
Suppose -5*d - m = -210, -5*d + 277 = -5*m + 37. What is the remainder when d is divided by 16?
11
Suppose -y = -1 + 4, -4*y = -2*z + 36. What is the remainder when 45 is divided by z?
9
Calculate the remainder when -1 + 91 + (-5)/((-30)/(-18)) is divided by 18.
15
Let s(r) = r**3 - 7*r + 6. What is the remainder when 83 is divided by s(3)?
11
Let t(y) = -37*y - 11. Calculate the remainder when t(-2) is divided by 18.
9
Let q be (-5 - 45)*(-6)/15. Suppose 5*n = 4*t - 47, -3*n + 5*n = -5*t - 32. Let s = q + n. Calculate the remainder when 25 is divided by s.
7
Let i(k) be the second derivative of -1/20*k**5 + 0 + 3*k**2 - 5/6*k**3 + 1/2*k**4 - 3*k. What is the remainder when 16 is divided by i(5)?
4
Let d = 4 - 0. Suppose -3*p - d*h = -0*p - 18, 31 = 4*p + 3*h. Suppose p = -2*k, -2*x + x - k + 4 = 0. What is the remainder when x is divided by 6?
3
Calculate the remainder when 42 is divided by 5/10*-6*-5.
12
Let m = -51 + 75. Suppose 3*i + 7*z - m = 3*z, 5*i - 5*z - 5 = 0. Calculate the remainder when 15 is divided by i.
3
Let i = 139 - 96. Calculate the remainder when i is divided by ((-45)/12)/(2/(-8)).
13
Calculate the remainder when 2*(-2 - -15) - -4 is divided by 8.
6
Suppose -10*v + 810 = -0*v. Calculate the remainder when v is divided by 42.
39
Suppose -i = -a - 5 - 2, i - 2*a - 4 = 0. What is the remainder when 37 is divided by i?
7
Let l = 9 - 2. Let w(a) = -a**3 - 8*a**2 + 7*a - 14. Calculate the remainder when l is divided by w(-9).
3
Let z = 1 - -1. Let s(p) = 2*p**3 - 2*p**2 + 4*p - 3. Let y = -27 + 51. Calculate the remainder when y is divided by s(z).
11
Suppose 3*c - 126 = -48. Let o = -4 + c. Calculate the remainder when 42 is divided by o.
20
Calculate the remainder when 403/15 + (-14)/(-105) is divided by 6.
3
Suppose 31 = r + 4*y, 42 = 3*r - 3*y - 36. Calculate the remainder when r is divided by 4.
3
Let g(d) = -d**3 - 5*d**2 + 6*d + 8. Let m = 61 + -39. Calculate the remainder when m is divided by g(-6).
6
Let s = -9 + 23. Calculate the remainder when s is divided by 5.
4
Suppose 0 = 3*x + x - 16. Suppose x*b = 5*b. Calculate the remainder when 2 - (-8 - (-1 + b)) is divided by 5.
4
Let x = 90 - 57. Let y be (1 + -1)/((-2)/(-1)). Suppose 27 = 3*i - y*i. What is the remainder when x is divided by i?
6
Suppose -53 = -2*z + 41. What is the remainder when z is divided by 2 + 2 + 7 - -1?
11
Suppose -g = 2*f + 2*g - 95, 225 = 5*f - 5*g. What is the remainder when f is divided by 12?
10
Let c be 2/(-3) - 175/(-15). Suppose 8*z + 42 = c*z. Calculate the remainder when z is divided by 5.
4
Suppose 6*v - 2 - 10 = 0. Calculate the remainder when 2 is divided by v.
0
Let k be ((-1)/(-2))/(5/10). Let w = k - -2. Suppose w*l - 36 = i, -3*i = 2*l - 4*l + 17. What is the remainder when 24 is divided by l?
11
Suppose -2*l = -5*l - 18. What is the remainder when (-303)/l - (-2)/(-4) is divided by 17?
16
Let r(y) = 2*y + 3. Let a be r(4). Let o be (2 + a)/1 - -2. Suppose o = -0*d + 3*d. Calculate the remainder when d is divided by 2.
1
Let g be 2/7 - (-38)/14. Let w(r) = r**2 - r + 2. What is the remainder when g/(-3*2)*-52 is divided by w(4)?
12
Suppose 88 = 15*k - 7*k. Suppose -2*y - g = 2*y - 29, 0 = -3*g + 15. What is the remainder when k is divided by y?
5
Let i = 64 - 32. Let q = i + -6. What is the remainder when q is divided by 14?
12
Let p(i) = 9*i. Let s = 359 - 215. Suppose -4*c + s = -2*b, 6*b = -5*c + b + 165. Calculate the remainder when c is divided by p(1).
8
Let z = 14 - 5. Suppose -5*i + 258 = 83. What is the remainder when i is divided by z?
8
Let b = -5 + 8. Suppose -b*q = -o - 16, 3*q + 2*o = o + 8. Suppose 0 = -q*k - 4*i + 8, 5*k + i - 2*i - 16 = 0. What is the remainder when 7 is divided by k?
1
Let f be (18/15)/((-2)/(-5)). Suppose -o = -6 + f. Suppose 4*u + 87 = 5*l, -81 = -3*l - o*u - 18. Calculate the remainder when 56 is divided by l.
18
Suppose -j - 3*j + 124 = 0. Calculate the remainder when j is divided by (-2)/(-10) + (-54)/(-5).
9
Let b = 70 - 47. What is the remainder when b is divided by 3?
2
Suppose 9*j - t - 44 = 8*j, 10 = 5*t. What is the remainder when j is divided by 13?
7
Suppose 3*r + 54 = 2*h, 2*h = -0*h - 2*r + 44. What is the remainder when h is divided by 14?
10
Suppose -5*f + 97 = -3. Suppose 4*a + 0 = f. Let q(o) = o + 19. What is the remainder when q(0) is divided by a?
4
Let z(n) = 13*n + 1. Let s be (-40)/(-16) - 2/(-4). Suppose -2*i = s*i - 135. What is the remainder when i is divided by z(1)?
13
Suppose 70 + 8 = 6*j. What is the remainder when 36 is divided by j?
10
Suppose -2 = -c + 9. What is the remainder when c is divided by 2/4*-2*-4?
3
Let c = 75 - 40. Calculate the remainder when c is divided by 13.
9
Let d = 61 - 24. Calculate the remainder when d is divided by 20.
17
Let s be (-1 - -4)*(-6 + 5). Let x(v) = -2*v**2 - 2*v. Let u be x(6). What is the remainder when 13 is divided by (-2)/s*u/(-8)?
6
Let o = 78 - 72. Calculate the remainder when 13 is divided by o.
1
Suppose -3*t = -4*o - 311 + 109, 0 = t - o - 66. Suppose -3*r + 78 = 5*f, 3*r = 3*f - 0*f + 54. What is the remainder when t is divided by r?
20
Suppose 4*x + 4 =